t is 522055 - -12?
522067
In base 2, what is 111 - 10001111011101?
-10001111010110
In base 9, what is 21 + -55?
-34
In base 3, what is -112022121021222 + -2?
-112022121022001
In base 4, what is -3323 + 1011013?
1001030
In base 12, what is -3 - -1a1a44?
1a1a41
In base 12, what is -5 + b62?
b59
In base 16, what is bb4 + 38e?
f42
In base 16, what is 2a863 - -2?
2a865
In base 5, what is -102 + 24433?
24331
In base 11, what is 4 + -a3941?
-a3938
In base 3, what is -2101220202 - 0?
-2101220202
In base 9, what is -368 + -206?
-575
In base 5, what is 223243 - -4?
223302
In base 10, what is -3803 - 10?
-3813
In base 7, what is -14521 - 1245?
-16066
In base 12, what is -305 + 4a?
-277
In base 8, what is -420501 + -1?
-420502
In base 16, what is 76d - 105?
668
In base 6, what is 21205 - 11?
21154
In base 13, what is -6402 - 76?
-6478
In base 8, what is 404467 - -5?
404474
In base 14, what is -a4613 - 3?
-a4616
In base 7, what is 214 - 316?
-102
In base 3, what is 1 + -102202210020?
-102202210012
In base 5, what is 211132 - 41?
211041
In base 15, what is d2ba - 29?
d291
In base 5, what is 102 - -31343?
32000
In base 7, what is -124501 - 3?
-124504
In base 13, what is -1 + 68405?
68404
In base 10, what is 124706 - -2?
124708
In base 12, what is -139 - -2144?
2007
In base 14, what is -156 - -a87?
931
In base 6, what is 5 - -52325?
52334
In base 13, what is -4358a5 - -1?
-4358a4
In base 3, what is 2000000222 - -1?
2000001000
In base 14, what is -a - -7ca?
7c0
In base 13, what is 4 - -13c92?
13c96
In base 14, what is 26639 + -4?
26635
In base 3, what is 10212211 + -1202?
10211002
In base 4, what is -2 - 102301131?
-102301133
In base 2, what is 1001 - 10001101111111?
-10001101110110
In base 5, what is -10014 + -2?
-10021
In base 8, what is 6 - -707?
715
In base 3, what is -101200020100 + 0?
-101200020100
In base 9, what is -438262 - -3?
-438258
In base 9, what is -443325 - -3?
-443322
In base 4, what is -130200 + -323?
-131123
In base 15, what is 158 + e?
167
In base 7, what is -105550 + 2?
-105545
In base 2, what is -1101001001 + -100100001010?
-110001010011
In base 9, what is 6 + -14038?
-14032
In base 14, what is -2 - 9b6?
-9b8
In base 14, what is -1 + 8337?
8336
In base 7, what is 14530550 - -5?
14530555
In base 9, what is -2737537 + 5?
-2737532
In base 6, what is 12 + -4552510?
-4552454
In base 10, what is -14778 - -69?
-14709
In base 9, what is -1016 + -50?
-1066
In base 13, what is 0 - 39b59?
-39b59
In base 5, what is 111012 - -131?
111143
In base 6, what is -15 + -30440?
-30455
In base 6, what is -15 - -131452?
131433
In base 13, what is 2 - 5?
-3
In base 15, what is 6bc + 63?
730
In base 14, what is 1b6 - 187?
2d
In base 4, what is 203 - 1300?
-1031
In base 7, what is -115 - -4203?
4055
In base 9, what is 251643 - -12?
251655
In base 16, what is 1bbe + -1?
1bbd
In base 12, what is 4 + 19052?
19056
In base 7, what is -3433 - 20?
-3453
In base 16, what is 2b7 + -113?
1a4
In base 14, what is -2 - 1b909?
-1b90b
In base 13, what is 3b7884 + 4?
3b7888
In base 4, what is -111003221313 - -3?
-111003221310
In base 8, what is 773401 - -3?
773404
In base 9, what is 5 - -4?
10
In base 12, what is -b164b + 11?
-b163a
In base 7, what is -100 + -2105?
-2205
In base 9, what is 222 + 111?
333
In base 5, what is 113 - 11024343?
-11024230
In base 7, what is 14 - -20340?
20354
In base 15, what is -a1d52 + 1?
-a1d51
In base 14, what is 31b542 + 3?
31b545
In base 11, what is 4 - 74872?
-74869
In base 9, what is 14 - -143253?
143267
In base 7, what is -1022261 - -56?
-1022202
In base 2, what is -1000100 - -10110001101111?
10110000101011
In base 9, what is 544 + 2783?
3437
In base 14, what is 5 - 4645a?
-46455
In base 9, what is 11180 + -4?
11175
In base 2, what is 10110001010100001 - -1?
10110001010100010
In base 12, what is -1614 + 245?
-138b
In base 8, what is -234146 - 4?
-234152
In base 16, what is -7d + 2a?
-53
In base 11, what is -182 + -6a9?
-880
In base 2, what is 101110000101101 - 1?
101110000101100
In base 13, what is 4 + -24cb2?
-24cab
In base 3, what is -211 + 122102?
121121
In base 3, what is -2012221010 - 11?
-2012221021
In base 14, what is -237 + -d?
-246
In base 7, what is -4455666 - 6?
-4456005
In base 11, what is 13 - 27500?
-27498
In base 4, what is 10112 - -10020?
20132
In base 15, what is -8 - 259?
-262
In base 14, what is 174a39 + 2?
174a3b
In base 4, what is 103 + 32221?
32330
In base 16, what is -18e - 20a?
-398
In base 10, what is -7715 - 414?
-8129
In base 9, what is -34266 - -3?
-34263
In base 4, what is -31010 - 1010?
-32020
In base 13, what is 2 + -1522?
-1520
In base 12, what is 4a9 + 61?
54a
In base 10, what is 0 + 176579?
176579
In base 9, what is 268263 + 1?
268264
In base 3, what is 12 - 121220200?
-121220111
In base 16, what is -134 + -22f?
-363
In base 5, what is 13422211 - 224?
13421432
In base 7, what is -13436 + -26?
-13465
In base 8, what is -4 - 410733?
-410737
In base 10, what is -6 + -637547?
-637553
In base 6, what is -2015 - -1021?
-554
In base 14, what is 2 + 24122?
24124
In base 4, what is 2 - 2232?
-2230
In base 14, what is 930c - 13?
92d9
In base 4, what is 2022333 - 210?
2022123
In base 3, what is 101012112012020 - 11?
101012112012002
In base 5, what is -10 + 124401034?
124401024
In base 16, what is 2 - c97?
-c95
In base 13, what is -18b - -96?
-c5
In base 9, what is -38 - -14016?
13867
In base 11, what is 23a + 10aa?
1339
In base 14, what is 25b9 - 0?
25b9
In base 4, what is 2 + 1130333220?
1130333222
In base 12, what is 516508 + 4?
516510
In base 10, what is 289868 - 1?
289867
In base 9, what is 7 + 14230?
14237
In base 14, what is c42 + -35?
c0b
In base 14, what is b9 + 3262?
333b
In base 6, what is 34414 + 1034?
35452
In base 12, what is -30 - 1ba52?
-1ba82
In base 11, what is 5 - 53025?
-53020
In base 15, what is 1 - -1ac9?
1aca
In base 10, what is 10608 + -27?
10581
In base 12, what is 66298 + 1?
66299
In base 12, what is -337 - b2?
-429
In base 9, what is -433 + -127?
-561
In base 6, what is 3452 - 440?
3012
In base 2, what is -100000000100 + -11010110?
-100011011010
In base 8, what is -63100 + -2?
-63102
In base 12, what is 13102 + 8?
1310a
In base 8, what is 50544 - 167?
50355
In base 4, what is 0 + -1003033321?
-1003033321
In base 2, what is 1010100 - 10010001100110111?
-10010001011100011
In base 2, what is -10111110011110 - -100111?
-10111101110111
In base 9, what is 454 + -2065?
-1511
In base 14, what is 190c - 14?
18d8
In base 11, what is 65 - -202?
267
In base 3, what is -112020012 - 0?
-112020012
In base 13, what is 5b5a + 9?
5b66
In base 5, what is -44100041 - -3?
-44100033
In base 11, what is 171873 - 0?
171873
In base 4, what is 1 - -10310002?
10310003
In base 2, what is -1100000010111000001110 + 1?
-1100000010111000001101
In base 13, what is -6 + -48c2a?
-48c33
In base 12, what is 239 - -6679?
68b6
In base 3, what is 121010 + -20110?
100200
In base 7, what is -114365 + 2?
-114363
In base 12, what is 6 - -32a6?
32b0
In base 16, what is -160 - ca?
-22a
In base 7, what is 6325 + 16?
6344
In base 7, what is -130045422 - -4?
-130045415
In base 9, what is -386727 + 0?
-386727
In base 5, what is 43112433 + -3?
43112430
In base 2, what is -10001101000 - -110100110?
-1011000010
In base 9, what is -505422 + -5?
-505427
In base 3, what is 1122100 + -2101?
1112222
In base 14, what is 7d76 - 1?
7d75
In base 6, what is 10100 + -5?
10051
In base 8, what is -5 + -262326?
-262333
In base 5, what is 23 - 3121?
-3043
In base 15, what is -21854 - -1?
-21853
In base 9, what is 1 + -8371?
-8370
In base 7, what is 54261 + -16?
54242
In base 15, what is -7 + -35570?
-35577
In base 10, what is -10 - 3149?
-3159
In base 5, what is -114211012 - -1?
-114211011
In base 13, what is 227b8 + b?
227c6
In base 2, what is 11001011001000001 + -11?
11001011000111110
In base 7, what is 351 + 326?
1010
In base 3, what is 11222202200 - 0?
11222202200
In base 13, what is -aa33 + -4?
-aa37
In base 10, what is 1 - 6194?
-6193
In base 2, what is -10 - 1101001111101?
-1101001111111
In base 14, what is -126 - -157a?
1454
In base 7, what is 10 + 330?
340
In base 7, what is 316234 - 154?
316050
In base 11, what is 282604 - 6?
2825a9
In base 6, what is -5 + 1132423?
1132414
In base 14, what is -72b3b - -3?
-72b38
In base 12, what is 21a + -5263?
-50